{"id":257,"date":"2024-01-25T22:01:52","date_gmt":"2024-01-25T22:01:52","guid":{"rendered":"https:\/\/cementeriosogamoso.com\/?page_id=257"},"modified":"2024-01-25T22:28:41","modified_gmt":"2024-01-25T22:28:41","slug":"ocupacion-de-bovedas","status":"publish","type":"page","link":"https:\/\/cementeriosogamoso.com\/index.php\/inhumacion\/ocupacion-de-bovedas\/","title":{"rendered":"Ocupaci\u00f3n de B\u00f3vedas"},"content":{"rendered":"<p>[et_pb_section fb_built=&#8221;1&#8243; _builder_version=&#8221;4.15.1&#8243; _module_preset=&#8221;default&#8221; global_colors_info=&#8221;{}&#8221;][et_pb_row _builder_version=&#8221;4.15.1&#8243; _module_preset=&#8221;default&#8221; global_colors_info=&#8221;{}&#8221;][et_pb_column type=&#8221;4_4&#8243; _builder_version=&#8221;4.15.1&#8243; _module_preset=&#8221;default&#8221; global_colors_info=&#8221;{}&#8221;][et_pb_text _builder_version=&#8221;4.15.1&#8243; _module_preset=&#8221;default&#8221; header_font=&#8221;Teko||||||||&#8221; header_font_size=&#8221;40px&#8221; header_text_shadow_style=&#8221;preset3&#8243; global_colors_info=&#8221;{}&#8221;]<\/p>\n<h1 style=\"text-align: center;\">Ocupaci\u00f3n de b\u00f3vedas particulares<\/h1>\n<p>[\/et_pb_text][\/et_pb_column][\/et_pb_row][et_pb_row _builder_version=&#8221;4.15.1&#8243; _module_preset=&#8221;default&#8221; min_height=&#8221;656.5px&#8221; custom_padding=&#8221;||0px|||&#8221; global_colors_info=&#8221;{}&#8221;][et_pb_column type=&#8221;4_4&#8243; _builder_version=&#8221;4.15.1&#8243; _module_preset=&#8221;default&#8221; global_colors_info=&#8221;{}&#8221;][et_pb_text _builder_version=&#8221;4.15.1&#8243; _module_preset=&#8221;default&#8221; text_font=&#8221;Comfortaa||||||||&#8221; header_font=&#8221;Teko||||||||&#8221; global_colors_info=&#8221;{}&#8221;]<\/p>\n<p>Cuando se requiera ocupar una b\u00f3veda particular (asignaci\u00f3n anterior al Decreto 115\/89 de junio de 1.989 emanado de la Di\u00f3cesis de Duitama Sogamoso, por el que se prohibi\u00f3 toda venta o enajenaci\u00f3n de lotes o b\u00f3vedas), el responsable deber\u00e1:<\/p>\n<p>1. Presentar en la oficina de administraci\u00f3n del cementerio los documentos que acrediten el derecho. \u00danicamente se reconocen t\u00edtulos originales con firma aut\u00f3grafa y sello.<br \/>2. Saber que el derecho adquirido es para uso familiar; es decir, que s\u00f3lo podr\u00e1 ser sepultado el titular o susherederos hasta el tercer grado de consanguinidad o primer grado de afinidad.<br \/>3. Demostrar que se encuentra al d\u00eda en el pago de las cuotas de administraci\u00f3n fijadas por el cementerio.<br \/>4. Asegurarse de que la b\u00f3veda est\u00e9 desocupada. De no ser as\u00ed, es necesario efectuar la exhumaci\u00f3n del cad\u00e1ver que la ocupe, para lo cual se requiere que cumpla con todos los requisitos, es decir:<br \/>tiempo reglamentario de sepultado; un osario a donde trasladar los restos, o, en caso que se decida cremar, demostrar con documentos que se efectuar\u00e1 la cremaci\u00f3n, y cancelar el valor correspondiente a la desocupaci\u00f3n de la b\u00f3veda seg\u00fan lista de precios establecidos por el cementerio.<br \/>5. Haber solicitado la desocupaci\u00f3n de la b\u00f3veda por lo menos con 8 d\u00edas de anticipaci\u00f3n a la nueva ocupaci\u00f3n; de lo contrario, la Administraci\u00f3n del cementerio no se compromete a hacerla.<br \/>6. Para la inhumaci\u00f3n de cad\u00e1veres se deben presentar a la Administraci\u00f3n del cementerio los siguientes documentos:<br \/>\u00a0\u00a0\u00a0\u00a0\u00a0\u00a0\u00a0\u00a0\u00a0 6.1 Certificado de defunci\u00f3n.<br \/>\u00a0\u00a0\u00a0\u00a0\u00a0\u00a0\u00a0\u00a0\u00a0 6.2 Licencia de inhumaci\u00f3n expedida a nivel municipal por alguna de las siguientes entidades: Alcald\u00eda,Secretar\u00eda de Gobierno, Secretar\u00eda de Salud o Inspecci\u00f3n de Polic\u00eda\u201d. (Art. 17, Resoluci\u00f3n 5194 de 2.010, Min.de la Protecci\u00f3n Social). (Ley 66 de 1916), la expedici\u00f3n de la licencia depender\u00e1 del lugar donde haya ocurrido el fallecimiento.<br \/>\u00a0\u00a0\u00a0\u00a0\u00a0\u00a0\u00a0\u00a0\u00a0 NOTA: La b\u00f3veda ser\u00e1 destinada, exclusivamente para albergar un cad\u00e1ver, salvo excepciones consagradas en la ley.<br \/>\u00a0\u00a0\u00a0\u00a0\u00a0\u00a0\u00a0\u00a0\u00a0 6.3 Cancelar el valor de la inhumaci\u00f3n establecido en la lista de precios vigente del cementerio.<br \/>\u00a0\u00a0\u00a0\u00a0\u00a0\u00a0\u00a0\u00a0\u00a0 6.4 Informar a la Administraci\u00f3n del cementerio con un m\u00ednimo de 12 horas de antelaci\u00f3n, la fecha, hora y lugar de las exequias.<br \/>7. Entregar la l\u00e1pida de la nueva ocupaci\u00f3n en un t\u00e9rmino m\u00e1ximo de 30 d\u00edas a partir de la fecha de la inhumaci\u00f3n, para que los operarios la instalen. Esta deber\u00e1 cumplir con los dise\u00f1os establecidos por el cementerio, y cancelar el derecho.<br \/>Reclamar la l\u00e1pida vieja, si es que la b\u00f3veda la ten\u00eda, y firmar un \u201crecibido\u201d cuando le sea entregada. Si no es reclamada, el cementerio podr\u00e1 disponer de ella despu\u00e9s de sesenta d\u00edas.<\/p>\n<p>[\/et_pb_text][\/et_pb_column][\/et_pb_row][et_pb_row _builder_version=&#8221;4.15.1&#8243; _module_preset=&#8221;default&#8221; column_structure=&#8221;1_3,1_3,1_3&#8243;][et_pb_column _builder_version=&#8221;4.15.1&#8243; _module_preset=&#8221;default&#8221; type=&#8221;1_3&#8243;][et_pb_button button_text=&#8221;Inhumaci\u00f3n en b\u00f3veda&#8221; _builder_version=&#8221;4.15.1&#8243; _module_preset=&#8221;default&#8221; button_alignment=&#8221;center&#8221; hover_enabled=&#8221;0&#8243; sticky_enabled=&#8221;0&#8243; button_url=&#8221;https:\/\/cementeriosogamoso.com\/index.php\/inhumacion\/&#8221;][\/et_pb_button][\/et_pb_column][et_pb_column _builder_version=&#8221;4.15.1&#8243; _module_preset=&#8221;default&#8221; type=&#8221;1_3&#8243;][et_pb_button button_text=&#8221;Asignaci\u00f3n de b\u00f3veda&#8221; _builder_version=&#8221;4.15.1&#8243; _module_preset=&#8221;default&#8221; button_alignment=&#8221;center&#8221; hover_enabled=&#8221;0&#8243; sticky_enabled=&#8221;0&#8243; button_url=&#8221;https:\/\/cementeriosogamoso.com\/index.php\/inhumacion\/asignacion-de-bovedas\/&#8221;][\/et_pb_button][\/et_pb_column][et_pb_column _builder_version=&#8221;4.15.1&#8243; _module_preset=&#8221;default&#8221; type=&#8221;1_3&#8243;][et_pb_button button_text=&#8221;Galer\u00edas de las b\u00f3vedas&#8221; _builder_version=&#8221;4.15.1&#8243; _module_preset=&#8221;default&#8221; button_alignment=&#8221;center&#8221; hover_enabled=&#8221;0&#8243; sticky_enabled=&#8221;0&#8243; button_url=&#8221;https:\/\/cementeriosogamoso.com\/index.php\/inhumacion\/galerias-de-las-bovedas\/&#8221;][\/et_pb_button][\/et_pb_column][\/et_pb_row][\/et_pb_section]<\/p>\n","protected":false},"excerpt":{"rendered":"<p>Ocupaci\u00f3n de b\u00f3vedas particularesCuando se requiera ocupar una b\u00f3veda particular (asignaci\u00f3n anterior al Decreto 115\/89 de junio de 1.989 emanado de la Di\u00f3cesis de Duitama Sogamoso, por el que se prohibi\u00f3 toda venta o enajenaci\u00f3n de lotes o b\u00f3vedas), el responsable deber\u00e1: 1. Presentar en la oficina de administraci\u00f3n del cementerio los documentos que acrediten [&hellip;]<\/p>\n","protected":false},"author":1,"featured_media":0,"parent":136,"menu_order":0,"comment_status":"closed","ping_status":"closed","template":"","meta":{"_et_pb_use_builder":"on","_et_pb_old_content":"","_et_gb_content_width":"","_monsterinsights_skip_tracking":false,"_monsterinsights_sitenote_active":false,"_monsterinsights_sitenote_note":"","_monsterinsights_sitenote_category":0,"footnotes":""},"class_list":["post-257","page","type-page","status-publish","hentry"],"aioseo_notices":[],"_links":{"self":[{"href":"https:\/\/cementeriosogamoso.com\/index.php\/wp-json\/wp\/v2\/pages\/257","targetHints":{"allow":["GET"]}}],"collection":[{"href":"https:\/\/cementeriosogamoso.com\/index.php\/wp-json\/wp\/v2\/pages"}],"about":[{"href":"https:\/\/cementeriosogamoso.com\/index.php\/wp-json\/wp\/v2\/types\/page"}],"author":[{"embeddable":true,"href":"https:\/\/cementeriosogamoso.com\/index.php\/wp-json\/wp\/v2\/users\/1"}],"replies":[{"embeddable":true,"href":"https:\/\/cementeriosogamoso.com\/index.php\/wp-json\/wp\/v2\/comments?post=257"}],"version-history":[{"count":3,"href":"https:\/\/cementeriosogamoso.com\/index.php\/wp-json\/wp\/v2\/pages\/257\/revisions"}],"predecessor-version":[{"id":280,"href":"https:\/\/cementeriosogamoso.com\/index.php\/wp-json\/wp\/v2\/pages\/257\/revisions\/280"}],"up":[{"embeddable":true,"href":"https:\/\/cementeriosogamoso.com\/index.php\/wp-json\/wp\/v2\/pages\/136"}],"wp:attachment":[{"href":"https:\/\/cementeriosogamoso.com\/index.php\/wp-json\/wp\/v2\/media?parent=257"}],"curies":[{"name":"wp","href":"https:\/\/api.w.org\/{rel}","templated":true}]}}